 Let z be p(6). What is the highest common divisor of z and 56?
14
Let b be 216/20 - 2/(-10). Let u = b - 5. Suppose -j = -u*j + 4*x + 78, -4*j + 81 = 3*x. What is the highest common factor of 18 and j?
18
Suppose 2*o - 5*s - 27 = -5, 3*s = -12. Let q be (-10 + -2 - -2)*o. Let h be (q/(-6))/(1/24). What is the greatest common divisor of 10 and h?
10
Let f = 5 - 1. Suppose f*i - 57 + 21 = 0. Calculate the greatest common factor of i and 63.
9
Let j be (-2 + -6)/(0 - 1). Let z(m) = m**3 - 8*m**2 + 17*m - 14. Let c be z(7). What is the highest common divisor of j and c?
8
Suppose 5*k = 3*b + 473, 3*k + b - 284 = 3*b. Suppose 3*v - 21 = -a, -5*a - 4*v = -0*v - k. Let w = 44 + 10. What is the greatest common factor of a and w?
18
Let j = 170 - 112. Suppose 4*x - 5*u - 110 = -x, 3*x = u + j. Calculate the greatest common factor of 18 and x.
18
Let v = 53 - 51. Calculate the highest common divisor of v and 18.
2
Suppose 9 = -4*m + 1. Let w be (-42)/m + (-8 - -5). What is the highest common divisor of w and 198?
18
Let g = -2 + 21. Let p(u) = -u**2 - 11*u + 1. Let v be p(-9). Calculate the highest common divisor of g and v.
19
Suppose 2*r = -0*a - 4*a + 142, 5*r = 4*a + 313. Calculate the greatest common factor of r and 13.
13
Let r(o) = 3*o**3 - o + 1. Let f be r(1). Let w = -1 + f. Calculate the highest common divisor of w and 12.
2
Let t(i) = -4*i**3 - 2*i**2 - i. Let r be t(-1). Suppose r*k - 40 = 2*k. Suppose 4*p - k = 3*p. Calculate the greatest common factor of 10 and p.
10
Let k be 7/3 - 4/(-6). Suppose -k*n - 100 = -424. Calculate the highest common factor of n and 12.
12
Let d = -197 - -293. Calculate the highest common divisor of 12 and d.
12
Let s = 34 - 22. Let u(g) = -g**2 + g + 2. Let y be u(2). Suppose y*k + 3*k = 72. What is the highest common factor of s and k?
12
Let z be ((-2 - -45) + -3)*1. What is the highest common factor of 20 and z?
20
Let z(j) = j**2 - 9*j + 8. Let h be z(8). Let a = 2 + h. Suppose 78 = 3*x - 3*q, 2*x = 5*x - a*q - 76. Calculate the greatest common factor of 12 and x.
12
Let z be (-14 + 0)*(-11 + 2). Suppose 0 = -2*u + 3*u - 32. Let s = -14 + u. What is the greatest common divisor of z and s?
18
Let s be (2/3)/(4/18). Suppose -2*l - 6*m + 98 = -s*m, -4*m = 0. Calculate the highest common factor of l and 7.
7
Let x = -276 + 444. Let w be (12/(-14))/((-4)/x). What is the highest common divisor of w and 9?
9
Let c(h) be the third derivative of 0*h + 0 + 1/6*h**3 - 1/20*h**5 + h**2 + 1/120*h**6 - 1/6*h**4. Let u be c(4). What is the highest common divisor of u and 9?
1
Suppose -3 = -4*q - 3*p + 9, -5*q - 5*p + 10 = 0. Suppose 5*z = 137 - 57. Let t = z - q. What is the greatest common factor of t and 2?
2
Let p = 5 + -2. Let l be p*(-3)/((-6)/14). What is the greatest common factor of l and 14?
7
Let u = 6 + -4. Suppose 15 + 5 = 5*f + 4*j, -3*j - 15 = 0. Calculate the highest common divisor of f and u.
2
Suppose a + 4*q = -11, -5*a + 2*q = -5 - 6. Let j = 5 - a. Let s(c) = 5*c - 3. Let t be s(j). What is the greatest common divisor of 17 and t?
17
Suppose 4*l = 7*l - 57. Calculate the greatest common factor of l and 152.
19
Suppose -89 = -2*j - 5. Let k be (-2)/3*j/(-2). Suppose -816 + 186 = -5*x. Calculate the highest common factor of x and k.
14
Let h(g) = -g**2 + 16*g + 2. Let d be h(8). Calculate the highest common divisor of d and 33.
33
Let h = -95 + 230. Let i be (-1)/1*(2 - 20). Let b be -1 - (2 - 0 - i). What is the greatest common divisor of h and b?
15
Let h be 4/(-6) - (-78)/9. Calculate the greatest common divisor of h and 2.
2
Suppose b - 1 = -4. Let z be b/(-12) + 38/8. Suppose 120 = z*c - 2*c. What is the highest common divisor of 8 and c?
8
Let a = 153 + -81. Calculate the greatest common factor of 12 and a.
12
Let m = 708 + -695. Let t = -29 - -68. Calculate the highest common factor of m and t.
13
Suppose 7*g - 4*g + 3 = 0. Let d be 13 - (-3 - g) - 3. Calculate the highest common divisor of 108 and d.
12
Suppose -a - 5*r = -6, 21 = -4*a + r - 18. Let t = a + 23. Suppose -5*s + 198 = 4*n, 5*n - 2*n = -9. What is the highest common factor of t and s?
14
Let k(y) = -y**3 + 6*y**2 - 9*y - 2. Let w = 13 + -5. Let d be k(w). Let p = -70 - d. Calculate the highest common divisor of 12 and p.
12
Suppose 52 = 2*i - 0*i. Suppose 5*b = -z - 10, 4*z - b - i = -3. What is the greatest common factor of z and 2?
1
Suppose 5*g = -8 + 43. Let k(v) = -v**3 + 8*v**2 - 7*v + 4. Let t be k(g). Suppose 0 = t*o - 6*o + 12. What is the greatest common factor of 9 and o?
3
Suppose -4*x - 2*o + 132 = -0*o, -2*x + 3*o = -58. What is the greatest common divisor of 8 and x?
8
Suppose -a + 19 = -5*p, -2*a + 8 = -p - 3. Suppose 0 = -2*s + 5*h + 77, -a*h = 4*s - s - 58. Calculate the greatest common divisor of 65 and s.
13
Let b(w) = w - 1. Let m be b(3). Calculate the highest common factor of m and 1.
1
Suppose 88 = 4*i - 0*i. Let c be (-3)/(-12) + (-262)/(-8). Calculate the highest common divisor of c and i.
11
Suppose 5*g + 5*l - 70 = 0, 20 = 8*l - 4*l. Calculate the highest common factor of 9 and g.
9
Let g(u) = 4*u + 66. Let b be g(-15). What is the greatest common divisor of 54 and b?
6
Suppose -3 - 21 = -2*j. Let s(z) = -22*z - 4. Let p be s(-4). What is the highest common divisor of p and j?
12
Let n(f) = -f**3 + 27*f**2 + 29*f - 14. Let y be n(28). Calculate the highest common divisor of y and 2.
2
Suppose 2 = i - 2, 2*i - 16 = -4*l. Suppose 0 = -s + 4 - l. Calculate the highest common divisor of s and 3.
1
Suppose -v + 3*l - 4*l + 21 = 0, -v = -4*l - 16. Suppose 0 = -p - 4*p + 25. Calculate the highest common factor of p and v.
5
Let u be (-8)/2*456/(-32). Let p(l) = l**3 + 4*l**2 + l + 7. Let f be p(-5). Let x = 61 + f. What is the greatest common factor of u and x?
19
Let f = -39 - -81. Let b be ((-2)/(-5))/((-2)/(-10)). Suppose 5*l - f = b*l. What is the highest common factor of 56 and l?
14
Let z(u) = -4*u - 4. Let s be z(-8). Let l(v) = v**2 + 6*v - 2. Let k be l(-8). What is the greatest common factor of k and s?
14
Let t(d) = -3*d. Let x be t(-2). Let u be (-7 - -4)/((-6)/4). Let w be 3 + (u + 38 - 1). What is the greatest common factor of w and x?
6
Let i be 1*(3 - (-4)/(-2)). Let d be i*6/(-2) - -45. Calculate the greatest common divisor of 6 and d.
6
Let z be (-24)/(-20) + (-3)/15. Let s = z + 1. What is the greatest common factor of 10 and s?
2
Suppose 5*g = 4*g + 14. Suppose 4*s - 3*p - 127 = 3*s, -4*s + 468 = -4*p. Calculate the greatest common factor of s and g.
14
Let m = -9 + 9. Suppose 4*x = -3*k + 633, -k + 481 = 3*x - m*k. What is the highest common factor of 18 and x?
18
Let i = 40 + -31. What is the greatest common divisor of 72 and i?
9
Suppose -2*u - 90 = -4*j, -5*j + 51 + 54 = 5*u. Let y = -34 + 89. Calculate the greatest common factor of j and y.
11
Suppose 72*s - 76*s + 56 = 0. What is the greatest common factor of 126 and s?
14
Suppose -3*p = -5*o - 152, 4*p - 224 = -p + o. Calculate the greatest common divisor of p and 11.
11
Suppose 3*n = 6*n - 24. Suppose 0 = 4*c - 5*t - 261, c + 2*t = -c + 126. What is the greatest common divisor of n and c?
8
Suppose 0*x = 2*x - 54. Let d be (-324)/2*12/(-8). Calculate the greatest common divisor of d and x.
27
Let g(i) = -i**3 - 2*i**2 - 5*i + 3. Let t be g(-4). What is the highest common factor of 11 and t?
11
Let d = 22 - -30. What is the highest common divisor of d and 13?
13
Let h be 2*6/4*5. Suppose p - k = 6, 0*p + p + 2*k = h. Let d = 94 - 31. What is the greatest common factor of p and d?
9
Let s = -40 + 42. Calculate the highest common factor of 3 and s.
1
Let m be (4/(-10))/(2/(-720)). Let s(x) = 10*x + 0*x - 10 + 13*x**2 + 11*x**2 - 22*x**2. Let q be s(-7). Calculate the highest common divisor of q and m.
18
Let k(a) = -72*a - 4. Let g be k(-8). Let x = 944 - g. Suppose 460 = 5*h - 5*t, x + 20 = 4*h + 4*t. What is the greatest common factor of 38 and h?
19
Let d(f) = -f**3 - 6*f**2 - f - 30. Let k be d(-7). What is the greatest common divisor of k and 130?
26
Suppose h - g = -1, 6*h - h + 2*g = -5. Let d be (-64)/(-12) - h/(-3). Let y = -19 + 54. What is the greatest common divisor of y and d?
5
Suppose 32 = 7*h - 5*h. Let p = h - 11. What is the highest common factor of p and 5?
5
Suppose 0 = -13*m + 30 + 100. What is the highest comm